Let v be (12/15)/(2/(-10)). Let o = v - -6. Suppose -16 = -4*f + 2*m + 2*m, -28 = -4*f - o*m. What is the units digit of f?
6
Let i(b) = -b + 3. What is the units digit of i(-9)?
2
Suppose -2*b + 20 = -6*b. Let m(i) = 2*i**2 + 2*i - 5. What is the tens digit of m(b)?
3
Let q(l) = -l + 8. Let u be q(6). Suppose 2*x + u*x - 2*a = 40, 0 = 2*x - 3*a - 28. What is the units digit of x?
8
Let l be (-91)/(-42) + 1/(-6). Suppose -1 + 5 = l*y. Suppose y*i = 13 - 3. What is the units digit of i?
5
Suppose 2*s - 19 = -3*q - 2, -2*q = -6. Let o = 3 - s. What is the tens digit of 7*((-19)/(-7) + o)?
1
Let l(m) = 2*m**3 - 4*m + 14. What is the tens digit of l(4)?
2
Let i = -46 + 83. What is the units digit of i?
7
Let s(p) = p**2 + 5*p - 1. Let o be 1*-2 + (-12)/4. Let n be s(o). Let g = 7 - n. What is the units digit of g?
8
Suppose m + 68 = 6*m + 3*t, 12 = -3*t. Let n = m - 11. Suppose 0 = o - n. What is the units digit of o?
5
What is the hundreds digit of (-12)/6 - -17*7?
1
Let v(a) be the third derivative of -a**2 + 8/3*a**3 + 0*a + 0 - 1/24*a**4. What is the units digit of v(9)?
7
Let w(n) be the second derivative of -n**5/20 + n**4/3 + 2*n**3/3 - 2*n**2 - 5*n. What is the units digit of w(4)?
2
Suppose -p - 106 = -5*d - 2*p, 4*d = 3*p + 100. Suppose 5*j - d = 3*j. Let r = j + -7. What is the units digit of r?
4
Let j(s) be the first derivative of 3 - 2 + 2*s + 2 + s**3 + 2*s**2. What is the units digit of j(-2)?
6
Suppose -5*q - 37 = 88. What is the tens digit of (-415)/q + 2/5?
1
Let p(a) = 2*a**2 + 3*a + 6. What is the tens digit of p(5)?
7
Suppose 0 = -2*o + 6*o - 64. Suppose u + u = o. What is the units digit of u?
8
Let a(n) = -8*n**3 + 2*n**2 - 1. Let w be a(1). Let g be (2 + w)*9/(-15). Suppose -d = -4 - g. What is the units digit of d?
7
Let v(k) = -k + 5. Let b be ((-5)/2)/(6/(-12)). Suppose -b*w = 3*f + 15, 4*w = -w - 2*f - 10. What is the units digit of v(w)?
5
Suppose -5*m = -m. Suppose -4*h + 2*d = -m*d - 116, 0 = 4*d. What is the tens digit of h?
2
Let n(f) = f**3 + 14*f**2 + 8*f - 13. What is the units digit of n(-13)?
2
Let x(t) = 0*t + 0 - 5*t - 10. What is the tens digit of x(-5)?
1
Let w be -7*(-2 - 12/(-7)). Suppose 5*v - 182 = 2*q, -4*v + w*q = q - 145. What is the units digit of v?
6
Let m be -45 + (2 - (-3)/(-1)). Suppose -4*s - 5*o - 118 = 0, 0 = -4*s + o - 5*o - 116. Let x = s - m. What is the units digit of x?
9
Let o(b) = b + 0 + 14 + 0*b. Let d = -7 + -1. What is the units digit of o(d)?
6
Suppose -2*u + 5 = 2*t - 7, 5*u - 12 = t. Suppose -2*c = -u*c. Suppose v = -c*v + 3. What is the units digit of v?
3
Let w(k) = -5*k + 2. Let r(h) = h**3 + 6*h**2 + 5*h - 1. Let f be r(-5). Let q be (f/(-2))/(3/(-18)). What is the units digit of w(q)?
7
What is the tens digit of (605/(-20))/((-4)/16)?
2
Let y = 238 + -693. Let k = -37 + 16. What is the tens digit of y/k - 2/3?
2
Suppose -5*b - 2 = 28. What is the tens digit of 44/(-6)*b/4?
1
Let v be 2/8 - (-3)/(-12). Suppose -2*b + 6*b = v, -4*j + 12 = -2*b. Suppose 8*l + 23 = 4*k + j*l, -k + l + 6 = 0. What is the units digit of k?
7
Suppose 16*n = 21*n - 470. What is the tens digit of n?
9
Let h = -101 - -233. What is the units digit of h?
2
Let m be (-68)/((1 + -3)*1). Let v = 6 + m. Suppose 3*l - s = v, 5 = 2*l + 3*s - 8*s. What is the units digit of l?
5
Suppose -4*b - 3*f - 32 = 0, f + 1 = -5*b - 28. Let n = 10 + b. Suppose 0 = i - t - 18, -2*i + n*t + 49 = 1. What is the units digit of i?
4
Suppose -1 = -2*z + 1, 0 = -5*m - 2*z + 47. Suppose 5*h - 89 = -m. What is the tens digit of h?
1
What is the tens digit of (12/16)/((-1)/(-36))?
2
Suppose 2*w + o + 1592 = -2*w, 0 = -w - 3*o - 387. Let u be w/27 - 2/9. Let z = u - -23. What is the units digit of z?
8
Let s(l) = l**3 - 5*l**2 - l + 12. What is the tens digit of s(6)?
4
Let c = 33 + -32. What is the units digit of c?
1
Let h(x) = x + 3. Let l be h(6). Suppose 0 = 2*y - 1 - l. What is the units digit of y?
5
Suppose -v = -2*v + 6. Suppose -3*c + 10 = f, -c = 2*c - v. Suppose 16 + f = 4*d. What is the units digit of d?
5
Let f be (-3828)/(-27) - 6/(-27). Suppose -h - f = -6*h + 4*l, 4*h = l + 107. What is the tens digit of h?
2
Suppose 5*x + 47 - 342 = 0. What is the tens digit of x?
5
Let v = 25 - 20. Suppose -2*r - 36 = -5*y, 0 = y - 5*y - v*r + 9. What is the units digit of y?
6
Suppose -4*m + 140 = 5*b, 5*m - 27 = 4*b - 139. Suppose 3*q - b = 5. What is the tens digit of q?
1
Suppose i + 3*i = 16. Suppose 90 = 2*p - 0*r - i*r, -r + 170 = 5*p. Suppose -p = -5*j + 30. What is the tens digit of j?
1
What is the tens digit of (2 - -1)/1*23?
6
Let c = -6 - -12. Let g be (8/(-6))/((-2)/c). Let l(t) = t**3 - 4*t**2 + t. What is the units digit of l(g)?
4
Suppose 72 = 3*v + v. Let f be (v/(-4))/((-9)/12). What is the units digit of 0 - (f/3 - 9)?
7
What is the tens digit of (785/(-20))/(2/(-8))?
5
What is the hundreds digit of 133 + 0 + (7 - 3)?
1
Let m(a) = 4*a**2 + 3*a + 4. Let t be 2 - (0 + -4) - 3. What is the units digit of m(t)?
9
Suppose 10*d - 416 = 8*d. What is the units digit of d?
8
What is the hundreds digit of ((-10)/(-30))/(2/52)*15?
1
Let b = 11 - 6. Let i(u) = 15*u - 7. Let l be i(5). Suppose 2*y - s = -0*s + 25, b*y - l = -3*s. What is the tens digit of y?
1
Let m = -1 + 5. Suppose -2*f + 26 = m*c, -c = -2*c + f - 1. Suppose 2*s - c - 6 = 0. What is the units digit of s?
5
Suppose 5*m - 7 - 3 = 0. Let q be 1 - (-3 + 5 + m). What is the units digit of (q + (4 - 2))*-13?
3
Suppose 5*p - h + 0 + 19 = 0, 5*p + 3*h = -23. Let j = -4 - p. Let t = 1 - j. What is the units digit of t?
1
Let v = -3 + 3. Let n = 6 + v. What is the units digit of n?
6
Let k(i) be the second derivative of -i**3/6 - i**2/2 - 3*i. What is the units digit of k(-7)?
6
Let h = -11 - -6. Let k(g) = g**3 + 5*g**2 - 2*g - 1. What is the units digit of k(h)?
9
Let z(h) = -h**3 - 7*h**2 - 6*h + 2. Let s be z(-6). Let p = 7 - s. What is the units digit of p?
5
Let z be 1*(-3 + 6)/1. Suppose -z*w + 0 = -36. What is the units digit of w?
2
Let t(j) = 20*j - 34. What is the units digit of t(6)?
6
Suppose 0*y - 2*y = 3*s - 11, -5*s = -3*y + 64. What is the tens digit of y?
1
Let f = -1 - -1. Suppose f = 2*r + 3*j + 12, 0 = -2*r - j - 4. Suppose 7*i - 4*a - 44 = 3*i, -3*a - 6 = r. What is the units digit of i?
9
Let r(c) = c**2 + 3*c + 2. Suppose -2*y - 2 = -3*n - n, 3*n + 5*y - 8 = 0. Let j be -1 - 5 - n*-2. What is the units digit of r(j)?
6
Let c = 127 + -111. What is the units digit of c?
6
Let m(i) = 24*i**2 + 23*i + 3. What is the units digit of m(-3)?
0
Let x(u) = -21 - 2*u**2 + 3*u**3 - 4*u**3 + 17 - 2*u. What is the units digit of x(-3)?
1
Let l(p) = -90*p - 28. What is the units digit of l(-4)?
2
Let l = 1 + -5. Let v = -16 - l. What is the units digit of ((-3)/(-2) + -2)*v?
6
Let d(u) = u**3 - 7*u**2 - 8*u + 7. Let j be d(8). Let o = -5 + j. Suppose -b - b = -o. What is the units digit of b?
1
Let f(z) = z + 9. Let s be f(-8). Let l = 3 + s. What is the units digit of l?
4
Suppose 42*f - 46*f = -16. What is the units digit of f?
4
Let a(y) = -y**2 - 2*y + 2 + 0*y - 6*y**3 + y + 5*y**3. What is the units digit of a(-2)?
8
What is the tens digit of (-1 + 0)/(1/(-31))?
3
Let n = 4 - 2. Suppose 4*l + 4*j = j + 45, n*l - 35 = j. What is the units digit of l?
5
Let o = 6 - 2. Suppose o*p = 2*p. Suppose p = 3*i + 3*a - 27, -5*a + 4 = 19. What is the units digit of i?
2
Let f(x) = x**2 - 8*x + 7. Let y be ((-1)/(-2))/(6/24). Let c be (0 - -6) + 4/y. What is the units digit of f(c)?
7
Let q(v) = -v - 10. What is the units digit of q(-11)?
1
Let a = -31 + 18. Let y = -8 - a. Suppose 40 + 0 = y*u. What is the units digit of u?
8
Suppose 4*m - 63 = 285. What is the units digit of m?
7
Suppose 267*q - 888 = 263*q. What is the hundreds digit of q?
2
Let p = -26 - -45. What is the units digit of p?
9
Let g(m) = -m**3 - 16*m**2 - m + 19. What is the units digit of g(-16)?
5
Let q(v) = -13*v - 72. What is the units digit of q(-6)?
6
Let a = 22 + -14. Suppose 0 = -d - 3*c + a, -c = 2*c + 3. What is the units digit of d?
1
Let x = 54 - 25. What is the units digit of x?
9
Suppose -2*c = 2 - 46. What is the tens digit of c?
2
Let w(u) = u**3 - 5*u**2 + 2 - 3 - u**2 + 6*u. What is the units digit of w(5)?
4
Let q = 362 - 214. What is the tens digit of q?
4
Let o(m) =